{"id":107,"date":"2022-05-25T21:08:34","date_gmt":"2022-05-25T21:08:34","guid":{"rendered":"https:\/\/cyclebalance.hu\/?page_id=107"},"modified":"2025-05-20T15:47:34","modified_gmt":"2025-05-20T15:47:34","slug":"a-modszer-tortenete","status":"publish","type":"page","link":"https:\/\/cyclebalance.hu\/?page_id=107","title":{"rendered":"A Billings Ovul\u00e1ci\u00f3s M\u00f3dszer\u00ae t\u00f6rt\u00e9nete"},"content":{"rendered":"<h2 class=\"has-large-font-size wp-block-heading\" style=\"text-transform:capitalize\"><\/h2><p class=\"has-text-color\" style=\"color:#545c6a\"><strong>A Billings Ovul\u00e1ci\u00f3s M\u00f3dszer\u00ae <\/strong>1953-ban, <strong>Dr. John Billings<\/strong> tudom\u00e1nyos kutat\u00e1sainak eredm\u00e9nyek\u00e9ppen fedezte fel, majd feles\u00e9ge, <strong>Evelyn Billings<\/strong> seg\u00edts\u00e9g\u00e9t k\u00e9rve, bekapcsol\u00f3dott \u0151 is a kutat\u00e1sba. Ezut\u00e1n hossz\u00fa \u00e9veken \u00e1t k\u00e9z a k\u00e9zben j\u00e1rt\u00e1k a vil\u00e1got, \u00e9s oktatt\u00e1k kifejlesztett Ovul\u00e1ci\u00f3s M\u00f3dszer\u00fcket.<\/p><div class=\"wp-block-image\"><figure class=\"alignleft size-large is-resized\"><img fetchpriority=\"high\" decoding=\"async\" src=\"https:\/\/cyclebalance.hu\/wp-content\/uploads\/2022\/11\/\u201eEz-egy-olyan-ismeret-amire-minden-nonek-szuksege-van-Dr.-Evelyn-Billings-2-1024x577.jpg\" alt=\"\" class=\"wp-image-671\" width=\"334\" height=\"189\" srcset=\"https:\/\/cyclebalance.hu\/wp-content\/uploads\/2022\/11\/\u201eEz-egy-olyan-ismeret-amire-minden-nonek-szuksege-van-Dr.-Evelyn-Billings-2-1024x577.jpg 1024w, https:\/\/cyclebalance.hu\/wp-content\/uploads\/2022\/11\/\u201eEz-egy-olyan-ismeret-amire-minden-nonek-szuksege-van-Dr.-Evelyn-Billings-2-300x169.jpg 300w, https:\/\/cyclebalance.hu\/wp-content\/uploads\/2022\/11\/\u201eEz-egy-olyan-ismeret-amire-minden-nonek-szuksege-van-Dr.-Evelyn-Billings-2-768x433.jpg 768w, https:\/\/cyclebalance.hu\/wp-content\/uploads\/2022\/11\/\u201eEz-egy-olyan-ismeret-amire-minden-nonek-szuksege-van-Dr.-Evelyn-Billings-2-1536x865.jpg 1536w, https:\/\/cyclebalance.hu\/wp-content\/uploads\/2022\/11\/\u201eEz-egy-olyan-ismeret-amire-minden-nonek-szuksege-van-Dr.-Evelyn-Billings-2-1320x744.jpg 1320w, https:\/\/cyclebalance.hu\/wp-content\/uploads\/2022\/11\/\u201eEz-egy-olyan-ismeret-amire-minden-nonek-szuksege-van-Dr.-Evelyn-Billings-2-600x338.jpg 600w, https:\/\/cyclebalance.hu\/wp-content\/uploads\/2022\/11\/\u201eEz-egy-olyan-ismeret-amire-minden-nonek-szuksege-van-Dr.-Evelyn-Billings-2.jpg 1640w\" sizes=\"(max-width: 334px) 100vw, 334px\" \/><figcaption class=\"wp-element-caption\"><strong><mark style=\"background-color:rgba(0, 0, 0, 0);color:#545c6a\" class=\"has-inline-color\">\u201eEz egy olyan ismeret amire minden n\u0151nek sz\u00fcks\u00e9ge van\u201d &#8211; Evelyn Billings<\/mark><\/strong><\/figcaption><\/figure><\/div><p class=\"has-text-color\" style=\"color:#545c6a\"><strong>A m\u00f3dszer tudom\u00e1nyos h\u00e1tter\u00e9t \u00e9s szab\u00e1lyait t\u00f6bb, mint 850&nbsp;000 hormonminta feldolgoz\u00e1s\u00e1val alak\u00edtotta ki egy nemzetk\u00f6zi, klinikai szakorvosokb\u00f3l \u00e9s kutat\u00f3kb\u00f3l \u00e1ll\u00f3 szakmai csoport.<\/strong><\/p><p class=\"has-text-color\" style=\"color:#545c6a\">A m\u00f3dszer elsaj\u00e1t\u00edt\u00f3 a nyugati \u00e9letvitel\u0171 n\u0151k k\u00f6r\u00e9ben, de ak\u00e1r bennsz\u00fcl\u00f6ttek is k\u00f6nnyen alkalmazhatj\u00e1k, s\u0151t m\u00e9g vak n\u0151k sz\u00e1m\u00e1ra is k\u00f6nnyen alkalmazhat\u00f3.<\/p><p class=\"has-text-color\" style=\"color:#545c6a\">Ezt a tud\u00e1st sikeresen alkalmazz\u00e1k a fogamz\u00e1s el\u00e9r\u00e9s\u00e9re vagy elker\u00fcl\u00e9s\u00e9re, illetve a reprodukt\u00edv eg\u00e9szs\u00e9g nyomon k\u00f6vet\u00e9s\u00e9re.<\/p><p class=\"has-text-color\" style=\"color:#545c6a\"> <br>Pearl indexe 0-2.2. A 90-es \u00e9vekben k\u00e9t nagy vizsg\u00e1lat volt, melyeknek a k\u00f6vetkez\u0151 lett az eredm\u00e9nye: K\u00edn\u00e1ban 0 (vagyis egy\u00e1ltal\u00e1n nem volt v\u00e1ratlan terhess\u00e9g, mert szab\u00e1lyk\u00f6vet\u0151bbek), m\u00edg Indi\u00e1ban 2.2 (100-b\u00f3l 2.2 volt a nem v\u00e1rt fogamz\u00e1si ar\u00e1ny).<br>Azaz&nbsp;<strong>a m\u00f3dszert&nbsp;szab\u00e1lyait helyesen&nbsp;haszn\u00e1l\u00f3 p\u00e1rok eset\u00e9ben a nem tervezett v\u00e1rand\u00f3ss\u00e1g es\u00e9lye szinte 0%.<\/strong><br><br><strong>Csal\u00e1dalap\u00edt\u00e1sra v\u00e1gy\u00f3 p\u00e1rok&nbsp;<u>helyes alkalmaz\u00e1s mellett<\/u>&nbsp;\u00e1tlagosan 4,7 h\u00f3nap m\u00falva sikerr\u0151l sz\u00e1molnak be.<\/strong><\/p><p class=\"has-text-color\" style=\"color:#545c6a\">A Billings Ovul\u00e1ci\u00f3s M\u00f3dszer\u00ae&nbsp;felfedez\u00e9se el\u0151tt az egyetlen term\u00e9szetes csal\u00e1dtervez\u00e9si elj\u00e1r\u00e1s a ritmussz\u00e1m\u00edt\u00e1s (napt\u00e1rm\u00f3dszer) volt, mely azonban megb\u00edzhatatlannak \u00e9s sz\u00fcks\u00e9gtelen\u00fcl korl\u00e1toz\u00f3nak bizonyult. Ezt szem el\u0151tt tartva tanulm\u00e1nyozta \u00e1t&nbsp;<strong>Dr. John Billings<\/strong>&nbsp;az orvosi irodalmat, \u00e9s&nbsp;<strong>sz\u00e1mos le\u00edr\u00e1st tal\u00e1lt az ovul\u00e1ci\u00f3 k\u00f6r\u00fcl megjelen\u0151 ny\u00e1kr\u00f3l, amelyet a m\u00e9hnyakat b\u00e9lel\u0151 sejtek termelnek.<\/strong><\/p><p class=\"has-text-color\" style=\"color:#545c6a\">A n\u0151k k\u00f6r\u00e9ben v\u00e9gzett kutat\u00e1sok ut\u00e1n vil\u00e1goss\u00e1 v\u00e1lt, hogy a k\u00fcl\u00f6nb\u00f6z\u0151 ny\u00e1kt\u00edpusok el\u0151fordul\u00e1sa a menstru\u00e1ci\u00f3s ciklus alatt j\u00f3l ismert a n\u0151k sz\u00e1m\u00e1ra. Ezut\u00e1n azt kellett meg\u00e1llap\u00edtani, hogy jellemz\u0151en v\u00e1ltozik-e a ny\u00e1ktermel\u0151d\u00e9s a ciklus sor\u00e1n, \u00e9s ennek alapj\u00e1n a n\u0151k k\u00e9pesek-e a term\u00e9keny id\u0151szak azonos\u00edt\u00e1s\u00e1ra.&nbsp;<strong>N\u0151k sz\u00e1zainak bevon\u00e1s\u00e1val ismertt\u00e9 v\u00e1lt a tipikus ny\u00e1ktermel\u0151d\u00e9s k\u00e9pe.&nbsp;<\/strong>Nyilv\u00e1nval\u00f3v\u00e1 v\u00e1lt, hogy a ny\u00e1k \u00e1ltal keltett \u00e9rzet \u00e9s a ny\u00e1k megjelen\u00e9se lehet\u0151v\u00e9 teszi a term\u00e9keny id\u0151szak kezdet\u00e9nek felismer\u00e9s\u00e9t.<\/p><p class=\"has-text-color\" style=\"color:#545c6a\"><strong>1966-ban Dr. Evelyn Billings felismerte az ovul\u00e1ci\u00f3 el\u0151tti term\u00e9ketlen ciklusk\u00e9p t\u00edpusait.<\/strong>&nbsp;Ez a felfedez\u00e9s komoly megk\u00f6nnyebb\u00fcl\u00e9st jelentett a p\u00e1rok sz\u00e1m\u00e1ra, mivel sz\u00fcks\u00e9gtelenn\u00e9 tette a huzamos \u00f6nmegtart\u00f3ztat\u00e1st.&nbsp;<strong>1971-ben az Eg\u00e9szs\u00e9g\u00fcgyi Vil\u00e1gszervezet javaslat\u00e1ra az addig Ovul\u00e1ci\u00f3s M\u00f3dszernek nevezett term\u00e9szetes csal\u00e1dtervez\u00e9si elj\u00e1r\u00e1s hivatalos neve a Billings Ovul\u00e1ci\u00f3s M\u00f3dszer\u00ae&nbsp;lett.<\/strong><\/p><p class=\"has-text-color\" style=\"color:#545c6a\">12 000 ciklus kielemz\u00e9se, 60 \u00e9vnyi laborat\u00f3riumi kutat\u00e1s \u00e9s hormonvizsg\u00e1latok ezreinek tudom\u00e1nyos eredm\u00e9nyei meger\u0151s\u00edtett\u00e9k, hogy&nbsp;<strong>a m\u00e9hnyak \u00e1ltal termelt ny\u00e1k a term\u00e9kenys\u00e9g legmegb\u00edzhat\u00f3bb jele.&nbsp;<\/strong>Ezzel pedig f\u00f6l\u00f6slegess\u00e9 v\u00e1lt a h\u0151m\u00e9rs\u00e9klet m\u00e9r\u00e9se \u00e9s a ritmus sz\u00e1m\u00edt\u00e1sa.<\/p><p class=\"has-text-color\" style=\"color:#545c6a\">A Billings Ovul\u00e1ci\u00f3s M\u00f3dszer\u00ae&nbsp;n\u00f6vekv\u0151 n\u00e9pszer\u0171s\u00e9ge nemcsak annak k\u00f6sz\u00f6nhet\u0151, hogy&nbsp;<strong>hormon- \u00e9s gy\u00f3gyszermentes m\u00f3don t\u00e1mogatja a p\u00e1rokat a m\u00e9g vagy m\u00e1r nem k\u00edv\u00e1nt v\u00e1rand\u00f3ss\u00e1g elker\u00fcl\u00e9s\u00e9ben<\/strong>, hanem annak is, hogy&nbsp;<strong>a fogantat\u00e1sra v\u00e1gy\u00f3 p\u00e1rok sz\u00e1m\u00e1ra val\u00f3di seg\u00edts\u00e9get ny\u00fajt azzal, hogy lehet\u0151v\u00e9 teszi a fogamz\u00e1s optim\u00e1lis idej\u00e9nek felismer\u00e9s\u00e9t.<\/strong><\/p><p class=\"has-text-color\" style=\"color:#545c6a\">A term\u00e9szetes csal\u00e1dtervez\u00e9s m\u00e1s modern m\u00f3dszerei (a t\u00fcneti-h\u0151m\u00e9r\u0151z\u00e9s m\u00f3dszer, a Creighton Model Fertility Care m\u00f3dszer \u00e9s a FEMM: Fertility Education &amp; Medical Management) mind azokra a tudom\u00e1nyos eredm\u00e9nyekre alapoznak, amelyeket a Billings Ovul\u00e1ci\u00f3s M\u00f3dszer\u00ae&nbsp;kidolgoz\u00f3i fedeztek fel.<\/p><p class=\"has-text-color\" style=\"color:#545c6a\">A fogamz\u00e1sszab\u00e1lyoz\u00e1s seg\u00edt\u00e9s\u00e9n t\u00fal a Billings ciklust\u00e1bl\u00e1zatok kiv\u00e1l\u00f3 diagnosztikai \u00e9rt\u00e9kkel b\u00edrnak a term\u00e9szetes csal\u00e1dtervez\u00e9si m\u00f3dszerekre t\u00e1maszkod\u00f3, azokat \u00e9rt\u0151 sz\u00fcl\u00e9sz-n\u0151gy\u00f3gy\u00e1sz \u00e9s endokrinol\u00f3gus szakorvosok kez\u00e9ben.<\/p><p class=\"has-text-color\" style=\"color:#545c6a\"><strong>A Billings Ovul\u00e1ci\u00f3s M\u00f3dszer Vil\u00e1gszervezete \u2013&nbsp;World Organization Ovulation Method Billings (WOOMB) \u2013 magyarorsz\u00e1gi oktat\u00e1si referenciak\u00f6zpontj\u00e1t, a WOOMB Hungaryt a Billings h\u00e1zasp\u00e1r szem\u00e9lyesen hozta l\u00e9tre 1992-ben.<\/strong><br><\/p><div class=\"wp-block-image\"><figure class=\"aligncenter size-full is-resized\"><a href=\"https:\/\/cyclebalance.hu\/?page_id=40\"><img decoding=\"async\" src=\"https:\/\/cyclebalance.hu\/wp-content\/uploads\/2022\/11\/1_1.jpg\" alt=\"\" class=\"wp-image-669\" width=\"311\" height=\"66\" srcset=\"https:\/\/cyclebalance.hu\/wp-content\/uploads\/2022\/11\/1_1.jpg 494w, https:\/\/cyclebalance.hu\/wp-content\/uploads\/2022\/11\/1_1-300x64.jpg 300w\" sizes=\"(max-width: 311px) 100vw, 311px\" \/><\/a><\/figure><\/div><p class=\"has-text-align-left has-text-color has-small-font-size\" style=\"color:#a15e70\"><br><br><mark style=\"background-color:rgba(0, 0, 0, 0);color:#545c6a\" class=\"has-inline-color\">Az inform\u00e1ci\u00f3k forr\u00e1sa a <a href=\"https:\/\/billings.hu\/bemutatkozas\/\" target=\"_blank\" rel=\"noreferrer noopener\">Magyarorsz\u00e1gi Billings K\u00f6zpont<\/a> ,a fent olvashat\u00f3ak <a href=\"https:\/\/billings.hu\/jogi-nyilatkozat\/\" target=\"_blank\" rel=\"noreferrer noopener\">jogilag v\u00e9dve vannak<\/a>, mint Billings oktat\u00f3 enged\u00e9llyel osztottam meg.<\/mark><\/p>","protected":false},"excerpt":{"rendered":"<p>A Billings Ovul\u00e1ci\u00f3s M\u00f3dszer\u00ae 1953-ban, Dr. John Billings tudom\u00e1nyos kutat\u00e1sainak eredm\u00e9nyek\u00e9ppen fedezte fel, majd feles\u00e9ge, Evelyn Billings seg\u00edts\u00e9g\u00e9t k\u00e9rve, bekapcsol\u00f3dott \u0151 is a kutat\u00e1sba. Ezut\u00e1n hossz\u00fa \u00e9veken \u00e1t k\u00e9z a k\u00e9zben j\u00e1rt\u00e1k a vil\u00e1got, \u00e9s oktatt\u00e1k kifejlesztett Ovul\u00e1ci\u00f3s M\u00f3dszer\u00fcket. A m\u00f3dszer tudom\u00e1nyos h\u00e1tter\u00e9t \u00e9s szab\u00e1lyait t\u00f6bb, mint 850&nbsp;000 hormonminta feldolgoz\u00e1s\u00e1val alak\u00edtotta ki egy nemzetk\u00f6zi, klinikai&#8230;<\/p>\n","protected":false},"author":1,"featured_media":0,"parent":0,"menu_order":0,"comment_status":"closed","ping_status":"closed","template":"","meta":{"_kad_post_transparent":"","_kad_post_title":"","_kad_post_layout":"","_kad_post_sidebar_id":"","_kad_post_content_style":"","_kad_post_vertical_padding":"","_kad_post_feature":"","_kad_post_feature_position":"","_kad_post_header":false,"_kad_post_footer":false,"footnotes":""},"class_list":["post-107","page","type-page","status-publish","hentry"],"yoast_head":"<!-- This site is optimized with the Yoast SEO plugin v25.0 - https:\/\/yoast.com\/wordpress\/plugins\/seo\/ -->\n<title>A Billings Ovul\u00e1ci\u00f3s M\u00f3dszer\u00ae t\u00f6rt\u00e9nete - CYCLE BALANCE<\/title>\n<meta name=\"robots\" content=\"index, follow, max-snippet:-1, max-image-preview:large, max-video-preview:-1\" \/>\n<link rel=\"canonical\" href=\"https:\/\/cyclebalance.hu\/?page_id=107\" \/>\n<meta property=\"og:locale\" content=\"hu_HU\" \/>\n<meta property=\"og:type\" content=\"article\" \/>\n<meta property=\"og:title\" content=\"A Billings Ovul\u00e1ci\u00f3s M\u00f3dszer\u00ae t\u00f6rt\u00e9nete - CYCLE BALANCE\" \/>\n<meta property=\"og:description\" content=\"A Billings Ovul\u00e1ci\u00f3s M\u00f3dszer\u00ae 1953-ban, Dr. John Billings tudom\u00e1nyos kutat\u00e1sainak eredm\u00e9nyek\u00e9ppen fedezte fel, majd feles\u00e9ge, Evelyn Billings seg\u00edts\u00e9g\u00e9t k\u00e9rve, bekapcsol\u00f3dott \u0151 is a kutat\u00e1sba. Ezut\u00e1n hossz\u00fa \u00e9veken \u00e1t k\u00e9z a k\u00e9zben j\u00e1rt\u00e1k a vil\u00e1got, \u00e9s oktatt\u00e1k kifejlesztett Ovul\u00e1ci\u00f3s M\u00f3dszer\u00fcket. A m\u00f3dszer tudom\u00e1nyos h\u00e1tter\u00e9t \u00e9s szab\u00e1lyait t\u00f6bb, mint 850&nbsp;000 hormonminta feldolgoz\u00e1s\u00e1val alak\u00edtotta ki egy nemzetk\u00f6zi, klinikai...\" \/>\n<meta property=\"og:url\" content=\"https:\/\/cyclebalance.hu\/?page_id=107\" \/>\n<meta property=\"og:site_name\" content=\"CYCLE BALANCE\" \/>\n<meta property=\"article:modified_time\" content=\"2025-05-20T15:47:34+00:00\" \/>\n<meta property=\"og:image\" content=\"https:\/\/cyclebalance.hu\/wp-content\/uploads\/2022\/11\/1_1.jpg\" \/>\n<meta name=\"twitter:card\" content=\"summary_large_image\" \/>\n<script type=\"application\/ld+json\" class=\"yoast-schema-graph\">{\"@context\":\"https:\/\/schema.org\",\"@graph\":[{\"@type\":\"WebPage\",\"@id\":\"https:\/\/cyclebalance.hu\/?page_id=107\",\"url\":\"https:\/\/cyclebalance.hu\/?page_id=107\",\"name\":\"A Billings Ovul\u00e1ci\u00f3s M\u00f3dszer\u00ae t\u00f6rt\u00e9nete - CYCLE BALANCE\",\"isPartOf\":{\"@id\":\"https:\/\/cyclebalance.hu\/#website\"},\"primaryImageOfPage\":{\"@id\":\"https:\/\/cyclebalance.hu\/?page_id=107#primaryimage\"},\"image\":{\"@id\":\"https:\/\/cyclebalance.hu\/?page_id=107#primaryimage\"},\"thumbnailUrl\":\"https:\/\/cyclebalance.hu\/wp-content\/uploads\/2022\/11\/1_1.jpg\",\"datePublished\":\"2022-05-25T21:08:34+00:00\",\"dateModified\":\"2025-05-20T15:47:34+00:00\",\"breadcrumb\":{\"@id\":\"https:\/\/cyclebalance.hu\/?page_id=107#breadcrumb\"},\"inLanguage\":\"hu\",\"potentialAction\":[{\"@type\":\"ReadAction\",\"target\":[\"https:\/\/cyclebalance.hu\/?page_id=107\"]}]},{\"@type\":\"ImageObject\",\"inLanguage\":\"hu\",\"@id\":\"https:\/\/cyclebalance.hu\/?page_id=107#primaryimage\",\"url\":\"https:\/\/cyclebalance.hu\/wp-content\/uploads\/2022\/11\/1_1.jpg\",\"contentUrl\":\"https:\/\/cyclebalance.hu\/wp-content\/uploads\/2022\/11\/1_1.jpg\",\"width\":494,\"height\":105},{\"@type\":\"BreadcrumbList\",\"@id\":\"https:\/\/cyclebalance.hu\/?page_id=107#breadcrumb\",\"itemListElement\":[{\"@type\":\"ListItem\",\"position\":1,\"name\":\"Kezd\u0151lap\",\"item\":\"https:\/\/cyclebalance.hu\/\"},{\"@type\":\"ListItem\",\"position\":2,\"name\":\"A Billings Ovul\u00e1ci\u00f3s M\u00f3dszer\u00ae t\u00f6rt\u00e9nete\"}]},{\"@type\":\"WebSite\",\"@id\":\"https:\/\/cyclebalance.hu\/#website\",\"url\":\"https:\/\/cyclebalance.hu\/\",\"name\":\"CYCLE BALANCE\",\"description\":\"egyens\u00falyban a ciklusom\",\"publisher\":{\"@id\":\"https:\/\/cyclebalance.hu\/#organization\"},\"potentialAction\":[{\"@type\":\"SearchAction\",\"target\":{\"@type\":\"EntryPoint\",\"urlTemplate\":\"https:\/\/cyclebalance.hu\/?s={search_term_string}\"},\"query-input\":{\"@type\":\"PropertyValueSpecification\",\"valueRequired\":true,\"valueName\":\"search_term_string\"}}],\"inLanguage\":\"hu\"},{\"@type\":\"Organization\",\"@id\":\"https:\/\/cyclebalance.hu\/#organization\",\"name\":\"CYCLE BALANCE\",\"url\":\"https:\/\/cyclebalance.hu\/\",\"logo\":{\"@type\":\"ImageObject\",\"inLanguage\":\"hu\",\"@id\":\"https:\/\/cyclebalance.hu\/#\/schema\/logo\/image\/\",\"url\":\"https:\/\/cyclebalance.hu\/wp-content\/uploads\/2022\/11\/cropped-Alcimsor-hozzaadasa-3.jpg\",\"contentUrl\":\"https:\/\/cyclebalance.hu\/wp-content\/uploads\/2022\/11\/cropped-Alcimsor-hozzaadasa-3.jpg\",\"width\":777,\"height\":311,\"caption\":\"CYCLE BALANCE\"},\"image\":{\"@id\":\"https:\/\/cyclebalance.hu\/#\/schema\/logo\/image\/\"}}]}<\/script>\n<!-- \/ Yoast SEO plugin. -->","yoast_head_json":{"title":"A Billings Ovul\u00e1ci\u00f3s M\u00f3dszer\u00ae t\u00f6rt\u00e9nete - CYCLE BALANCE","robots":{"index":"index","follow":"follow","max-snippet":"max-snippet:-1","max-image-preview":"max-image-preview:large","max-video-preview":"max-video-preview:-1"},"canonical":"https:\/\/cyclebalance.hu\/?page_id=107","og_locale":"hu_HU","og_type":"article","og_title":"A Billings Ovul\u00e1ci\u00f3s M\u00f3dszer\u00ae t\u00f6rt\u00e9nete - CYCLE BALANCE","og_description":"A Billings Ovul\u00e1ci\u00f3s M\u00f3dszer\u00ae 1953-ban, Dr. John Billings tudom\u00e1nyos kutat\u00e1sainak eredm\u00e9nyek\u00e9ppen fedezte fel, majd feles\u00e9ge, Evelyn Billings seg\u00edts\u00e9g\u00e9t k\u00e9rve, bekapcsol\u00f3dott \u0151 is a kutat\u00e1sba. Ezut\u00e1n hossz\u00fa \u00e9veken \u00e1t k\u00e9z a k\u00e9zben j\u00e1rt\u00e1k a vil\u00e1got, \u00e9s oktatt\u00e1k kifejlesztett Ovul\u00e1ci\u00f3s M\u00f3dszer\u00fcket. A m\u00f3dszer tudom\u00e1nyos h\u00e1tter\u00e9t \u00e9s szab\u00e1lyait t\u00f6bb, mint 850&nbsp;000 hormonminta feldolgoz\u00e1s\u00e1val alak\u00edtotta ki egy nemzetk\u00f6zi, klinikai...","og_url":"https:\/\/cyclebalance.hu\/?page_id=107","og_site_name":"CYCLE BALANCE","article_modified_time":"2025-05-20T15:47:34+00:00","og_image":[{"url":"https:\/\/cyclebalance.hu\/wp-content\/uploads\/2022\/11\/1_1.jpg","type":"","width":"","height":""}],"twitter_card":"summary_large_image","schema":{"@context":"https:\/\/schema.org","@graph":[{"@type":"WebPage","@id":"https:\/\/cyclebalance.hu\/?page_id=107","url":"https:\/\/cyclebalance.hu\/?page_id=107","name":"A Billings Ovul\u00e1ci\u00f3s M\u00f3dszer\u00ae t\u00f6rt\u00e9nete - CYCLE BALANCE","isPartOf":{"@id":"https:\/\/cyclebalance.hu\/#website"},"primaryImageOfPage":{"@id":"https:\/\/cyclebalance.hu\/?page_id=107#primaryimage"},"image":{"@id":"https:\/\/cyclebalance.hu\/?page_id=107#primaryimage"},"thumbnailUrl":"https:\/\/cyclebalance.hu\/wp-content\/uploads\/2022\/11\/1_1.jpg","datePublished":"2022-05-25T21:08:34+00:00","dateModified":"2025-05-20T15:47:34+00:00","breadcrumb":{"@id":"https:\/\/cyclebalance.hu\/?page_id=107#breadcrumb"},"inLanguage":"hu","potentialAction":[{"@type":"ReadAction","target":["https:\/\/cyclebalance.hu\/?page_id=107"]}]},{"@type":"ImageObject","inLanguage":"hu","@id":"https:\/\/cyclebalance.hu\/?page_id=107#primaryimage","url":"https:\/\/cyclebalance.hu\/wp-content\/uploads\/2022\/11\/1_1.jpg","contentUrl":"https:\/\/cyclebalance.hu\/wp-content\/uploads\/2022\/11\/1_1.jpg","width":494,"height":105},{"@type":"BreadcrumbList","@id":"https:\/\/cyclebalance.hu\/?page_id=107#breadcrumb","itemListElement":[{"@type":"ListItem","position":1,"name":"Kezd\u0151lap","item":"https:\/\/cyclebalance.hu\/"},{"@type":"ListItem","position":2,"name":"A Billings Ovul\u00e1ci\u00f3s M\u00f3dszer\u00ae t\u00f6rt\u00e9nete"}]},{"@type":"WebSite","@id":"https:\/\/cyclebalance.hu\/#website","url":"https:\/\/cyclebalance.hu\/","name":"CYCLE BALANCE","description":"egyens\u00falyban a ciklusom","publisher":{"@id":"https:\/\/cyclebalance.hu\/#organization"},"potentialAction":[{"@type":"SearchAction","target":{"@type":"EntryPoint","urlTemplate":"https:\/\/cyclebalance.hu\/?s={search_term_string}"},"query-input":{"@type":"PropertyValueSpecification","valueRequired":true,"valueName":"search_term_string"}}],"inLanguage":"hu"},{"@type":"Organization","@id":"https:\/\/cyclebalance.hu\/#organization","name":"CYCLE BALANCE","url":"https:\/\/cyclebalance.hu\/","logo":{"@type":"ImageObject","inLanguage":"hu","@id":"https:\/\/cyclebalance.hu\/#\/schema\/logo\/image\/","url":"https:\/\/cyclebalance.hu\/wp-content\/uploads\/2022\/11\/cropped-Alcimsor-hozzaadasa-3.jpg","contentUrl":"https:\/\/cyclebalance.hu\/wp-content\/uploads\/2022\/11\/cropped-Alcimsor-hozzaadasa-3.jpg","width":777,"height":311,"caption":"CYCLE BALANCE"},"image":{"@id":"https:\/\/cyclebalance.hu\/#\/schema\/logo\/image\/"}}]}},"_links":{"self":[{"href":"https:\/\/cyclebalance.hu\/index.php?rest_route=\/wp\/v2\/pages\/107","targetHints":{"allow":["GET"]}}],"collection":[{"href":"https:\/\/cyclebalance.hu\/index.php?rest_route=\/wp\/v2\/pages"}],"about":[{"href":"https:\/\/cyclebalance.hu\/index.php?rest_route=\/wp\/v2\/types\/page"}],"author":[{"embeddable":true,"href":"https:\/\/cyclebalance.hu\/index.php?rest_route=\/wp\/v2\/users\/1"}],"replies":[{"embeddable":true,"href":"https:\/\/cyclebalance.hu\/index.php?rest_route=%2Fwp%2Fv2%2Fcomments&post=107"}],"version-history":[{"count":50,"href":"https:\/\/cyclebalance.hu\/index.php?rest_route=\/wp\/v2\/pages\/107\/revisions"}],"predecessor-version":[{"id":888,"href":"https:\/\/cyclebalance.hu\/index.php?rest_route=\/wp\/v2\/pages\/107\/revisions\/888"}],"wp:attachment":[{"href":"https:\/\/cyclebalance.hu\/index.php?rest_route=%2Fwp%2Fv2%2Fmedia&parent=107"}],"curies":[{"name":"wp","href":"https:\/\/api.w.org\/{rel}","templated":true}]}}