{"id":3,"date":"2022-05-15T11:58:08","date_gmt":"2022-05-15T11:58:08","guid":{"rendered":"http:\/\/cyclebalance.hu\/?page_id=3"},"modified":"2025-05-20T15:49:28","modified_gmt":"2025-05-20T15:49:28","slug":"adatkezelesi-tajekoztato","status":"publish","type":"page","link":"https:\/\/cyclebalance.hu\/?page_id=3","title":{"rendered":"Adatkezel\u00e9si t\u00e1j\u00e9koztat\u00f3"},"content":{"rendered":"<h2 class=\"wp-block-heading\"><strong>Adatkezel\u00e9si t\u00e1j\u00e9koztat\u00f3<\/strong><\/h2><p><\/p><p>Ez az adatkezel\u00e9si t\u00e1j\u00e9koztat\u00f3 a <a href=\"https:\/\/cyclebalance.hu\">https:\/\/cyclebalance.hu<\/a> weboldal m\u0171k\u00f6d\u00e9s\u00e9hez kapcsol\u00f3d\u00f3 adatkezel\u00e9seket mutatja be, az Eur\u00f3pai Parlament \u00e9s Tan\u00e1cs (EU) 2016\/679 rendelete (GDPR) alapj\u00e1n.<\/p><hr class=\"wp-block-separator has-alpha-channel-opacity\"\/><h3 class=\"wp-block-heading\">1. Ki vagyok<\/h3><ul class=\"wp-block-list\"><li>N\u00e9v: <strong>Balog Zita<\/strong><\/li>\n\n<li>E-mail: <strong>info@cyclebalance.hu<\/strong><\/li>\n\n<li>Jelenleg ad\u00f3sz\u00e1mos mag\u00e1nszem\u00e9ly vagyok, adatkezel\u0151k\u00e9nt elk\u00f6telezett vagyok a szem\u00e9lyes adatok v\u00e9delme ir\u00e1nt!<\/li><\/ul><hr class=\"wp-block-separator has-alpha-channel-opacity\"\/><h3 class=\"wp-block-heading\">2. Kapcsolatfelv\u00e9tel<\/h3><p>A weboldalon kereszt\u00fcl t\u00f6rt\u00e9n\u0151 kapcsolatfelv\u00e9tel sor\u00e1n megadott <strong>n\u00e9v<\/strong> \u00e9s <strong>e-mail c\u00edm<\/strong> kiz\u00e1r\u00f3lag arra szolg\u00e1l, hogy v\u00e1laszolni tudjak a megkeres\u00e9sekre.<\/p><ul class=\"wp-block-list\"><li><strong>Jogalap:<\/strong> az \u00e9rintett hozz\u00e1j\u00e1rul\u00e1sa (GDPR 6. cikk (1) a)).<\/li>\n\n<li><strong>Meg\u0151rz\u00e9s:<\/strong> legfeljebb 30 napig, hacsak nem j\u00f6n l\u00e9tre tov\u00e1bbi kapcsolat.<\/li><\/ul><hr class=\"wp-block-separator has-alpha-channel-opacity\"\/><h3 class=\"wp-block-heading\">3. Hozz\u00e1sz\u00f3l\u00e1sok<\/h3><p>Hozz\u00e1sz\u00f3l\u00e1skor az IP-c\u00edm \u00e9s a b\u00f6ng\u00e9sz\u0151azonos\u00edt\u00f3 karakterl\u00e1nc is r\u00f6gz\u00edt\u00e9sre ker\u00fcl a k\u00e9retlen tartalmak kisz\u0171r\u00e9se c\u00e9lj\u00e1b\u00f3l. A Gravatar szolg\u00e1ltat\u00e1s ig\u00e9nybev\u00e9tele eset\u00e9n az e-mail c\u00edmb\u0151l k\u00e9pzett hash ker\u00fcl tov\u00e1bb\u00edt\u00e1sra.<br>Gravatar szab\u00e1lyzat: <a href=\"https:\/\/automattic.com\/privacy\/\">https:\/\/automattic.com\/privacy\/<\/a><\/p><p>A hozz\u00e1sz\u00f3l\u00e1s elfogad\u00e1sa ut\u00e1n a hozz\u00e1sz\u00f3l\u00e1s tartalma \u00e9s a profilk\u00e9p nyilv\u00e1nosan megjelenik.<\/p><hr class=\"wp-block-separator has-alpha-channel-opacity\"\/><h3 class=\"wp-block-heading\">4. M\u00e9dia<\/h3><p><\/p><hr class=\"wp-block-separator has-alpha-channel-opacity\"\/><h3 class=\"wp-block-heading\">5. S\u00fctik (cookie-k)<\/h3><p>A weboldal s\u00fctiket (cookie-kat) haszn\u00e1l a m\u0171k\u00f6d\u00e9shez \u00e9s a felhaszn\u00e1l\u00f3i \u00e9lm\u00e9ny fokoz\u00e1s\u00e1hoz.<\/p><h4 class=\"wp-block-heading\">A legfontosabb s\u00fctik:<\/h4><ul class=\"wp-block-list\"><li>Hozz\u00e1sz\u00f3l\u00e1skor elt\u00e1roljuk a nevet, e-mail c\u00edmet, weboldalt (1 \u00e9v).<\/li>\n\n<li>Bejelentkez\u00e9si oldal: ideiglenes s\u00fcti (b\u00f6ng\u00e9sz\u0151 bez\u00e1r\u00e1sakor t\u00f6rl\u0151dik).<\/li>\n\n<li>Bejelentkez\u00e9skor: 2 nap \u2013 2 h\u00e9t (ha \u201eEml\u00e9kezz r\u00e1m\u201d be van jel\u00f6lve).<\/li>\n\n<li>Szerkeszt\u00e9skor: 1 napig technikai s\u00fcti t\u00e1rol\u00f3dik.<\/li><\/ul><h4 class=\"wp-block-heading\">Cookie-t\u00edpusok:<\/h4><ul class=\"wp-block-list\"><li><strong>Munkamenet s\u00fctik<\/strong> \u2013 m\u0171k\u00f6d\u00e9shez sz\u00fcks\u00e9gesek.<\/li>\n\n<li><strong>Funkcion\u00e1lis s\u00fctik<\/strong> \u2013 be\u00e1ll\u00edt\u00e1sok t\u00e1rol\u00e1sa.<\/li>\n\n<li><strong>Analitikai\/statisztikai s\u00fctik<\/strong> (pl. Google Analytics) \u2013 anonim l\u00e1togat\u00f3i statisztik\u00e1k.<\/li><\/ul><p><strong>B\u00f6ng\u00e9sz\u0151nk\u00e9nti be\u00e1ll\u00edt\u00e1sok a s\u00fctik kezel\u00e9s\u00e9re:<\/strong><\/p><ul class=\"wp-block-list\"><li>Chrome<\/li>\n\n<li><a href=\"https:\/\/support.mozilla.org\/hu\/kb\/sutik-engedelyezese-es-tiltasa\">Firefox<\/a><\/li>\n\n<li><a href=\"https:\/\/support.apple.com\/hu-hu\/guide\/safari\/sfri11471\/mac\">Safari<\/a><\/li><\/ul><hr class=\"wp-block-separator has-alpha-channel-opacity\"\/><h3 class=\"wp-block-heading\">6. Be\u00e1gyazott tartalmak m\u00e1s oldalakr\u00f3l<\/h3><p>A bejegyz\u00e9sek tartalmazhatnak m\u00e1s weboldalr\u00f3l be\u00e1gyazott tartalmakat (pl. weboldal-link, cikk, vide\u00f3, k\u00e9p).<br>Ezek \u00fagy viselkednek, mintha megl\u00e1togatn\u00e1nk az adott oldalt: adatokat gy\u0171jthetnek, s\u00fctiket haszn\u00e1lnak, \u00e9s figyelhetik a felhaszn\u00e1l\u00f3i viselked\u00e9st.<\/p><hr class=\"wp-block-separator has-alpha-channel-opacity\"\/><h3 class=\"wp-block-heading\">7. Kivel osztjuk meg az adatokat<\/h3><p>Harmadik f\u00e9l r\u00e9sz\u00e9re <strong>nem tov\u00e1bb\u00edtok<\/strong> adatokat.<\/p><hr class=\"wp-block-separator has-alpha-channel-opacity\"\/><h3 class=\"wp-block-heading\">8. Mennyi ideig \u0151rz\u00f6m az adatokat<\/h3><ul class=\"wp-block-list\"><li>Hozz\u00e1sz\u00f3l\u00e1s: korl\u00e1tlan ideig t\u00e1rol\u00f3dik.<\/li>\n\n<li>Adminisztr\u00e1ci\u00f3s\/jogi okb\u00f3l sz\u00fcks\u00e9ges adatokat nem t\u00f6rl\u00f6m.<\/li><\/ul><hr class=\"wp-block-separator has-alpha-channel-opacity\"\/><h3 class=\"wp-block-heading\">9. Milyen jogokkal rendelkezik a felhaszn\u00e1l\u00f3<\/h3><p>A felhaszn\u00e1l\u00f3 k\u00e9rheti:<\/p><ul class=\"wp-block-list\"><li>saj\u00e1t adataihoz val\u00f3 hozz\u00e1f\u00e9r\u00e9st,<\/li>\n\n<li>azok helyesb\u00edt\u00e9s\u00e9t vagy t\u00f6rl\u00e9s\u00e9t,<\/li>\n\n<li>az adatkezel\u00e9s korl\u00e1toz\u00e1s\u00e1t,<\/li>\n\n<li>adathordozhat\u00f3s\u00e1got,<\/li>\n\n<li>hozz\u00e1j\u00e1rul\u00e1s visszavon\u00e1s\u00e1t.<\/li>\n\n<li>Panasz beny\u00fajthat\u00f3: <strong>Nemzeti Adatv\u00e9delmi \u00e9s Inform\u00e1ci\u00f3szabads\u00e1g Hat\u00f3s\u00e1g (NAIH)<\/strong><\/li><\/ul><hr class=\"wp-block-separator has-alpha-channel-opacity\"\/><h3 class=\"wp-block-heading\">10. Hov\u00e1 tov\u00e1bb\u00edtjuk az adatokat<\/h3><p>A hozz\u00e1sz\u00f3l\u00e1sokat automatikus <strong>spamsz\u0171r\u0151<\/strong> rendszer ellen\u0151rizheti.<\/p>","protected":false},"excerpt":{"rendered":"<p>Adatkezel\u00e9si t\u00e1j\u00e9koztat\u00f3 Ez az adatkezel\u00e9si t\u00e1j\u00e9koztat\u00f3 a https:\/\/cyclebalance.hu weboldal m\u0171k\u00f6d\u00e9s\u00e9hez kapcsol\u00f3d\u00f3 adatkezel\u00e9seket mutatja be, az Eur\u00f3pai Parlament \u00e9s Tan\u00e1cs (EU) 2016\/679 rendelete (GDPR) alapj\u00e1n. 1. Ki vagyok 2. Kapcsolatfelv\u00e9tel A weboldalon kereszt\u00fcl t\u00f6rt\u00e9n\u0151 kapcsolatfelv\u00e9tel sor\u00e1n megadott n\u00e9v \u00e9s e-mail c\u00edm kiz\u00e1r\u00f3lag arra szolg\u00e1l, hogy v\u00e1laszolni tudjak a megkeres\u00e9sekre. 3. Hozz\u00e1sz\u00f3l\u00e1sok Hozz\u00e1sz\u00f3l\u00e1skor az IP-c\u00edm \u00e9s a&#8230;<\/p>\n","protected":false},"author":1,"featured_media":0,"parent":0,"menu_order":0,"comment_status":"closed","ping_status":"open","template":"","meta":{"_kad_post_transparent":"","_kad_post_title":"","_kad_post_layout":"","_kad_post_sidebar_id":"","_kad_post_content_style":"","_kad_post_vertical_padding":"","_kad_post_feature":"","_kad_post_feature_position":"","_kad_post_header":false,"_kad_post_footer":false,"footnotes":""},"class_list":["post-3","page","type-page","status-publish","hentry"],"yoast_head":"<!-- This site is optimized with the Yoast SEO plugin v25.0 - https:\/\/yoast.com\/wordpress\/plugins\/seo\/ -->\n<title>Adatkezel\u00e9si t\u00e1j\u00e9koztat\u00f3 - CYCLE BALANCE<\/title>\n<meta name=\"robots\" content=\"index, follow, max-snippet:-1, max-image-preview:large, max-video-preview:-1\" \/>\n<link rel=\"canonical\" href=\"https:\/\/cyclebalance.hu\/?page_id=3\" \/>\n<meta property=\"og:locale\" content=\"hu_HU\" \/>\n<meta property=\"og:type\" content=\"article\" \/>\n<meta property=\"og:title\" content=\"Adatkezel\u00e9si t\u00e1j\u00e9koztat\u00f3 - CYCLE BALANCE\" \/>\n<meta property=\"og:description\" content=\"Adatkezel\u00e9si t\u00e1j\u00e9koztat\u00f3 Ez az adatkezel\u00e9si t\u00e1j\u00e9koztat\u00f3 a https:\/\/cyclebalance.hu weboldal m\u0171k\u00f6d\u00e9s\u00e9hez kapcsol\u00f3d\u00f3 adatkezel\u00e9seket mutatja be, az Eur\u00f3pai Parlament \u00e9s Tan\u00e1cs (EU) 2016\/679 rendelete (GDPR) alapj\u00e1n. 1. Ki vagyok 2. Kapcsolatfelv\u00e9tel A weboldalon kereszt\u00fcl t\u00f6rt\u00e9n\u0151 kapcsolatfelv\u00e9tel sor\u00e1n megadott n\u00e9v \u00e9s e-mail c\u00edm kiz\u00e1r\u00f3lag arra szolg\u00e1l, hogy v\u00e1laszolni tudjak a megkeres\u00e9sekre. 3. Hozz\u00e1sz\u00f3l\u00e1sok Hozz\u00e1sz\u00f3l\u00e1skor az IP-c\u00edm \u00e9s a...\" \/>\n<meta property=\"og:url\" content=\"https:\/\/cyclebalance.hu\/?page_id=3\" \/>\n<meta property=\"og:site_name\" content=\"CYCLE BALANCE\" \/>\n<meta property=\"article:modified_time\" content=\"2025-05-20T15:49:28+00:00\" \/>\n<meta name=\"twitter:card\" content=\"summary_large_image\" \/>\n<meta name=\"twitter:label1\" content=\"Becs\u00fclt olvas\u00e1si id\u0151\" \/>\n\t<meta name=\"twitter:data1\" content=\"2 perc\" \/>\n<script type=\"application\/ld+json\" class=\"yoast-schema-graph\">{\"@context\":\"https:\/\/schema.org\",\"@graph\":[{\"@type\":\"WebPage\",\"@id\":\"https:\/\/cyclebalance.hu\/?page_id=3\",\"url\":\"https:\/\/cyclebalance.hu\/?page_id=3\",\"name\":\"Adatkezel\u00e9si t\u00e1j\u00e9koztat\u00f3 - CYCLE BALANCE\",\"isPartOf\":{\"@id\":\"https:\/\/cyclebalance.hu\/#website\"},\"datePublished\":\"2022-05-15T11:58:08+00:00\",\"dateModified\":\"2025-05-20T15:49:28+00:00\",\"breadcrumb\":{\"@id\":\"https:\/\/cyclebalance.hu\/?page_id=3#breadcrumb\"},\"inLanguage\":\"hu\",\"potentialAction\":[{\"@type\":\"ReadAction\",\"target\":[\"https:\/\/cyclebalance.hu\/?page_id=3\"]}]},{\"@type\":\"BreadcrumbList\",\"@id\":\"https:\/\/cyclebalance.hu\/?page_id=3#breadcrumb\",\"itemListElement\":[{\"@type\":\"ListItem\",\"position\":1,\"name\":\"Kezd\u0151lap\",\"item\":\"https:\/\/cyclebalance.hu\/\"},{\"@type\":\"ListItem\",\"position\":2,\"name\":\"Adatkezel\u00e9si t\u00e1j\u00e9koztat\u00f3\"}]},{\"@type\":\"WebSite\",\"@id\":\"https:\/\/cyclebalance.hu\/#website\",\"url\":\"https:\/\/cyclebalance.hu\/\",\"name\":\"CYCLE BALANCE\",\"description\":\"egyens\u00falyban a ciklusom\",\"publisher\":{\"@id\":\"https:\/\/cyclebalance.hu\/#organization\"},\"potentialAction\":[{\"@type\":\"SearchAction\",\"target\":{\"@type\":\"EntryPoint\",\"urlTemplate\":\"https:\/\/cyclebalance.hu\/?s={search_term_string}\"},\"query-input\":{\"@type\":\"PropertyValueSpecification\",\"valueRequired\":true,\"valueName\":\"search_term_string\"}}],\"inLanguage\":\"hu\"},{\"@type\":\"Organization\",\"@id\":\"https:\/\/cyclebalance.hu\/#organization\",\"name\":\"CYCLE BALANCE\",\"url\":\"https:\/\/cyclebalance.hu\/\",\"logo\":{\"@type\":\"ImageObject\",\"inLanguage\":\"hu\",\"@id\":\"https:\/\/cyclebalance.hu\/#\/schema\/logo\/image\/\",\"url\":\"https:\/\/cyclebalance.hu\/wp-content\/uploads\/2022\/11\/cropped-Alcimsor-hozzaadasa-3.jpg\",\"contentUrl\":\"https:\/\/cyclebalance.hu\/wp-content\/uploads\/2022\/11\/cropped-Alcimsor-hozzaadasa-3.jpg\",\"width\":777,\"height\":311,\"caption\":\"CYCLE BALANCE\"},\"image\":{\"@id\":\"https:\/\/cyclebalance.hu\/#\/schema\/logo\/image\/\"}}]}<\/script>\n<!-- \/ Yoast SEO plugin. -->","yoast_head_json":{"title":"Adatkezel\u00e9si t\u00e1j\u00e9koztat\u00f3 - CYCLE BALANCE","robots":{"index":"index","follow":"follow","max-snippet":"max-snippet:-1","max-image-preview":"max-image-preview:large","max-video-preview":"max-video-preview:-1"},"canonical":"https:\/\/cyclebalance.hu\/?page_id=3","og_locale":"hu_HU","og_type":"article","og_title":"Adatkezel\u00e9si t\u00e1j\u00e9koztat\u00f3 - CYCLE BALANCE","og_description":"Adatkezel\u00e9si t\u00e1j\u00e9koztat\u00f3 Ez az adatkezel\u00e9si t\u00e1j\u00e9koztat\u00f3 a https:\/\/cyclebalance.hu weboldal m\u0171k\u00f6d\u00e9s\u00e9hez kapcsol\u00f3d\u00f3 adatkezel\u00e9seket mutatja be, az Eur\u00f3pai Parlament \u00e9s Tan\u00e1cs (EU) 2016\/679 rendelete (GDPR) alapj\u00e1n. 1. Ki vagyok 2. Kapcsolatfelv\u00e9tel A weboldalon kereszt\u00fcl t\u00f6rt\u00e9n\u0151 kapcsolatfelv\u00e9tel sor\u00e1n megadott n\u00e9v \u00e9s e-mail c\u00edm kiz\u00e1r\u00f3lag arra szolg\u00e1l, hogy v\u00e1laszolni tudjak a megkeres\u00e9sekre. 3. Hozz\u00e1sz\u00f3l\u00e1sok Hozz\u00e1sz\u00f3l\u00e1skor az IP-c\u00edm \u00e9s a...","og_url":"https:\/\/cyclebalance.hu\/?page_id=3","og_site_name":"CYCLE BALANCE","article_modified_time":"2025-05-20T15:49:28+00:00","twitter_card":"summary_large_image","twitter_misc":{"Becs\u00fclt olvas\u00e1si id\u0151":"2 perc"},"schema":{"@context":"https:\/\/schema.org","@graph":[{"@type":"WebPage","@id":"https:\/\/cyclebalance.hu\/?page_id=3","url":"https:\/\/cyclebalance.hu\/?page_id=3","name":"Adatkezel\u00e9si t\u00e1j\u00e9koztat\u00f3 - CYCLE BALANCE","isPartOf":{"@id":"https:\/\/cyclebalance.hu\/#website"},"datePublished":"2022-05-15T11:58:08+00:00","dateModified":"2025-05-20T15:49:28+00:00","breadcrumb":{"@id":"https:\/\/cyclebalance.hu\/?page_id=3#breadcrumb"},"inLanguage":"hu","potentialAction":[{"@type":"ReadAction","target":["https:\/\/cyclebalance.hu\/?page_id=3"]}]},{"@type":"BreadcrumbList","@id":"https:\/\/cyclebalance.hu\/?page_id=3#breadcrumb","itemListElement":[{"@type":"ListItem","position":1,"name":"Kezd\u0151lap","item":"https:\/\/cyclebalance.hu\/"},{"@type":"ListItem","position":2,"name":"Adatkezel\u00e9si t\u00e1j\u00e9koztat\u00f3"}]},{"@type":"WebSite","@id":"https:\/\/cyclebalance.hu\/#website","url":"https:\/\/cyclebalance.hu\/","name":"CYCLE BALANCE","description":"egyens\u00falyban a ciklusom","publisher":{"@id":"https:\/\/cyclebalance.hu\/#organization"},"potentialAction":[{"@type":"SearchAction","target":{"@type":"EntryPoint","urlTemplate":"https:\/\/cyclebalance.hu\/?s={search_term_string}"},"query-input":{"@type":"PropertyValueSpecification","valueRequired":true,"valueName":"search_term_string"}}],"inLanguage":"hu"},{"@type":"Organization","@id":"https:\/\/cyclebalance.hu\/#organization","name":"CYCLE BALANCE","url":"https:\/\/cyclebalance.hu\/","logo":{"@type":"ImageObject","inLanguage":"hu","@id":"https:\/\/cyclebalance.hu\/#\/schema\/logo\/image\/","url":"https:\/\/cyclebalance.hu\/wp-content\/uploads\/2022\/11\/cropped-Alcimsor-hozzaadasa-3.jpg","contentUrl":"https:\/\/cyclebalance.hu\/wp-content\/uploads\/2022\/11\/cropped-Alcimsor-hozzaadasa-3.jpg","width":777,"height":311,"caption":"CYCLE BALANCE"},"image":{"@id":"https:\/\/cyclebalance.hu\/#\/schema\/logo\/image\/"}}]}},"_links":{"self":[{"href":"https:\/\/cyclebalance.hu\/index.php?rest_route=\/wp\/v2\/pages\/3","targetHints":{"allow":["GET"]}}],"collection":[{"href":"https:\/\/cyclebalance.hu\/index.php?rest_route=\/wp\/v2\/pages"}],"about":[{"href":"https:\/\/cyclebalance.hu\/index.php?rest_route=\/wp\/v2\/types\/page"}],"author":[{"embeddable":true,"href":"https:\/\/cyclebalance.hu\/index.php?rest_route=\/wp\/v2\/users\/1"}],"replies":[{"embeddable":true,"href":"https:\/\/cyclebalance.hu\/index.php?rest_route=%2Fwp%2Fv2%2Fcomments&post=3"}],"version-history":[{"count":5,"href":"https:\/\/cyclebalance.hu\/index.php?rest_route=\/wp\/v2\/pages\/3\/revisions"}],"predecessor-version":[{"id":1108,"href":"https:\/\/cyclebalance.hu\/index.php?rest_route=\/wp\/v2\/pages\/3\/revisions\/1108"}],"wp:attachment":[{"href":"https:\/\/cyclebalance.hu\/index.php?rest_route=%2Fwp%2Fv2%2Fmedia&parent=3"}],"curies":[{"name":"wp","href":"https:\/\/api.w.org\/{rel}","templated":true}]}}